{"id":105,"date":"2011-11-16T21:21:02","date_gmt":"2011-11-16T21:21:02","guid":{"rendered":"http:\/\/annikapersson.nu\/?page_id=105"},"modified":"2021-07-07T13:28:38","modified_gmt":"2021-07-07T12:28:38","slug":"om-mig","status":"publish","type":"page","link":"http:\/\/annikapersson.nu\/?page_id=105","title":{"rendered":"Om mig"},"content":{"rendered":"<p><img loading=\"lazy\" class=\"alignleft  wp-image-258\" src=\"http:\/\/annikapersson.nu\/wp-content\/uploads\/2011\/11\/21754866_10159261398325263_1809268893_o-576x1024.jpg\" alt=\"21754866_10159261398325263_1809268893_o\" width=\"338\" height=\"601\" srcset=\"http:\/\/annikapersson.nu\/wp-content\/uploads\/2011\/11\/21754866_10159261398325263_1809268893_o-576x1024.jpg 576w, http:\/\/annikapersson.nu\/wp-content\/uploads\/2011\/11\/21754866_10159261398325263_1809268893_o-168x300.jpg 168w, http:\/\/annikapersson.nu\/wp-content\/uploads\/2011\/11\/21754866_10159261398325263_1809268893_o.jpg 720w\" sizes=\"(max-width: 338px) 100vw, 338px\" \/><br \/>\nJag heter Annika Persson och det h\u00e4r \u00e4r min hemsida och portfolio.<\/p>\n<p>Jag \u00e4r 31\u00a0\u00e5r gammal med kandidatexamen i Informations- och textdesign och F\u00f6rlags- och bokmarknadskunskap. Som person\u00a0\u00e4r jag ambiti\u00f6s,\u00a0positiv och ordningssam. Jag \u00e4r inte r\u00e4dd f\u00f6r att g\u00f6ra nya saker utan tv\u00e4rtom, gillar att st\u00e4ndigt utvecklas och prova nya s\u00e4tt att arbeta och t\u00e4nka. Har jobbat som grafisk designer sedan min examen 2012, men\u00a0\u00e4r f\u00f6r n\u00e4rvarande p\u00e5 jakt efter nya uppdrag och m\u00f6jligheter.<\/p>\n<p>Ut\u00f6ver mina studier har jag en passion f\u00f6r att skriva och har som huvudprojekt en fantasy-novell f\u00f6r unga vuxna. Dr\u00f6mmen \u00e4r att jobba med b\u00f6cker p\u00e5 ett eller annat s\u00e4tt.<\/p>\n<p><a href=\"http:\/\/annikapersson.nu\/wp-content\/uploads\/2021\/07\/Annika-Persson_CV.pdf\" target=\"_blank\" rel=\"noopener\">Klicka h\u00e4r f\u00f6r att ladda ner mitt cv!<\/a><\/p>\n<p><a href=\"https:\/\/www.linkedin.com\/in\/persson-annika\/\">Bes\u00f6k g\u00e4rna min linkedin-profil.<\/a><\/p>\n","protected":false},"excerpt":{"rendered":"<p>Jag heter Annika Persson och det h\u00e4r \u00e4r min hemsida och portfolio. Jag \u00e4r 31\u00a0\u00e5r gammal med kandidatexamen i Informations- och textdesign och F\u00f6rlags- och bokmarknadskunskap. Som person\u00a0\u00e4r jag ambiti\u00f6s,\u00a0positiv och ordningssam. Jag \u00e4r inte r\u00e4dd f\u00f6r att g\u00f6ra nya saker utan tv\u00e4rtom, gillar att st\u00e4ndigt utvecklas och prova nya s\u00e4tt att arbeta och t\u00e4nka. [&hellip;]<\/p>\n","protected":false},"author":1,"featured_media":0,"parent":0,"menu_order":0,"comment_status":"closed","ping_status":"closed","template":"","meta":[],"_links":{"self":[{"href":"http:\/\/annikapersson.nu\/index.php?rest_route=\/wp\/v2\/pages\/105"}],"collection":[{"href":"http:\/\/annikapersson.nu\/index.php?rest_route=\/wp\/v2\/pages"}],"about":[{"href":"http:\/\/annikapersson.nu\/index.php?rest_route=\/wp\/v2\/types\/page"}],"author":[{"embeddable":true,"href":"http:\/\/annikapersson.nu\/index.php?rest_route=\/wp\/v2\/users\/1"}],"replies":[{"embeddable":true,"href":"http:\/\/annikapersson.nu\/index.php?rest_route=%2Fwp%2Fv2%2Fcomments&post=105"}],"version-history":[{"count":28,"href":"http:\/\/annikapersson.nu\/index.php?rest_route=\/wp\/v2\/pages\/105\/revisions"}],"predecessor-version":[{"id":341,"href":"http:\/\/annikapersson.nu\/index.php?rest_route=\/wp\/v2\/pages\/105\/revisions\/341"}],"wp:attachment":[{"href":"http:\/\/annikapersson.nu\/index.php?rest_route=%2Fwp%2Fv2%2Fmedia&parent=105"}],"curies":[{"name":"wp","href":"https:\/\/api.w.org\/{rel}","templated":true}]}}